v(z).
5
Suppose 5*f - 8 = 2. Let b(i) = i**f - 3 - 6*i**2 + i + 2. Determine b(1).
-5
Let j = 1 - -7. Suppose j = -p - 3*p. Let s(t) = 3*t**2 - t**3 - t - t - 7*t**2 + 2. Give s(p).
-2
Let w(c) be the third derivative of -c**7/2520 - 7*c**6/720 - c**5/24 + c**4/8 - c**2. Let n(a) be the second derivative of w(a). What is n(-5)?
5
Let r(f) = -2*f + 5. Let t be r(3). Let j(q) be the first derivative of -q + 0*q**3 - q**2 + 1 + 5/2*q**4. What is j(t)?
-9
Let i(x) = 7*x**2 - 4*x - 9. Let m(d) = -6*d**2 + 4*d + 8. Let k(w) = -5*i(w) - 6*m(w). Let t be -1 - (2 - 2/2). Calculate k(t).
9
Let h be 20/(-6) - (-24)/18. Let o(l) = -l**3 + 2*l**2 + 2. Calculate o(h).
18
Let i(r) = -3*r**3 + 2*r + 1. Suppose -10*l + 7*l = -6. Calculate i(l).
-19
Let x(b) = 4*b. Let o(g) = -15*g + 1. Let z(t) = 16*t - 1. Let w(i) = 7*o(i) + 6*z(i). Let q(d) = 6*w(d) + 13*x(d). Let y be 19/4 - (-2)/8. What is q(y)?
-4
Let j(f) = f + 2. Let v be j(-5). Let p = v - -2. Let w(o) = 10*o**2 + 7*o + 7. Let g(k) = -5*k**2 - 4*k - 4. Let c(l) = 5*g(l) + 3*w(l). Calculate c(p).
5
Let u(g) be the first derivative of g**4/2 - 4*g**3/3 + g**2 - 2. Let n be (6 + -9)/(2/2). Let o = n + 5. Determine u(o).
4
Let k(l) = l**3 + l**2 - l + 1. Let d(x) = 4*x**3 + 4*x**2 - 3*x + 2. Let n(y) = -d(y) + 3*k(y). Let v be (8/(-14))/(4/14). Calculate n(v).
5
Let o(s) be the first derivative of s**3/3 + 2*s**2 - s + 4. Give o(-4).
-1
Let p be (3/(-6))/(2/4). Let h(m) be the second derivative of 1/6*m**4 + 0 + 1/6*m**3 + 0*m**2 - m + 7/20*m**5. Calculate h(p).
-6
Let i(z) = 5*z**2 + 14*z - 2*z**2 + z**3 - 13*z. What is i(-1)?
1
Let o = -2 - -4. Let z = -18 + 19. Let n(k) = 2*k**o + k - k + z. Determine n(2).
9
Let y(x) = -x**2 + x. Let d(s) = -s**3 + 6*s**2 - 5*s + 5. Let r be d(5). Suppose 4*w + 4*z - 6 = 2, r*w = 4*z - 17. What is y(w)?
-2
Let s = 2 - -2. Suppose 3 + 17 = s*i. Let r(o) = 4*o + 2 - i*o + o - 2*o. Calculate r(3).
-4
Let i(o) be the second derivative of o**4/12 + o**3/6 - 7*o**2/2 + o. Let h(y) = 9*y + 63. Let q be h(-7). Give i(q).
-7
Suppose f - 25 = -4*f. Suppose -4*k + 26 = -5*r, k = f*k + 4. Let d(t) = t**3 + 6*t**2. Give d(r).
0
Let y(c) = -6*c**2 - 20*c - 15. Let w(k) = -k**2 - 4*k - 3. Let g(h) = -11*w(h) + 2*y(h). Let v(m) = 3*m - 4. Let n be v(3). Let b = 10 - n. Determine g(b).
-2
Let u(q) = 6*q**2 - 4*q**2 + 1 + q**2 + 0. Let f = -1 - 0. What is u(f)?
4
Let c = -108 + 110. Let l(t) = -2*t**3 + 4*t**2 - 2*t - 2. What is l(c)?
-6
Let h(k) be the first derivative of -k**4/4 + 2*k**3 - k**2/2 + 3*k - 8. Let c be -3 + 0 + 9 - 0. What is h(c)?
-3
Let u(l) = 4*l + 1. Suppose -4 = -i - 5, 0 = -j + 3*i + 7. Suppose -4*w = -2*w + j. Let t be -1 + (-2 - w/1). What is u(t)?
-3
Let y(u) = -u**2 + 7*u - 6. Suppose 5*t = -x + 1, 21 - 4 = 2*x + 5*t. Let l = x - 11. What is y(l)?
4
Let o(g) = -g**3 + 3*g**2 + g + 1. Suppose 0 = 4*t + 4*s, -4*t + 0 + 3 = 3*s. Let n be 48/9 + 2/t. Suppose -3*f = 2*x - n, -x - f + 6 = 3. Calculate o(x).
4
Let m(g) be the third derivative of 7*g**2 + 0*g + 1/8*g**4 + 0 - 1/60*g**5 + 2/3*g**3. Give m(3).
4
Let h(r) = r**2 + 4*r + 4. Let g be h(-5). Let i = g - 7. Let c(o) = -2 + 7*o + 3 - 4*o + o**i. Determine c(-3).
1
Suppose 11 = r - 3. Suppose 2*a + 17 = w, -3*a + r = -7*a - 2*w. Let k(g) = -g**3 - 7*g**2 - 8*g - 5. Determine k(a).
7
Let h(y) = -y**3 + 6*y**2 + y - 1. Let t = 17 + -6. Let r(x) = -x + 17. Let a be r(t). What is h(a)?
5
Let b(a) = -a**3 - a**2 + 2*a + 2. Suppose 5*k - z + 11 = 0, -5*k + 3*k = -4*z + 8. Calculate b(k).
2
Suppose -5*k = -k. Let l(u) = -2*u + 4*u - 3*u - 1 + k. Calculate l(-5).
4
Let j(k) = 10*k - 4. Let q(s) = s - 1. Let g(w) = -j(w) + 5*q(w). Give g(-1).
4
Let q(f) be the first derivative of -5*f**4/4 - f**2 - f + 1. Let v = -32 - -31. What is q(v)?
6
Let o = 18 + -3. Suppose 8*i + 7 = -4*y + 3*i, 3*y - 3*i - o = 0. Let h(z) = -5 - 3*z**3 + z + 5*z**2 + 2*z**3 + y*z**3. Calculate h(-4).
7
Let y(t) = -t**2 - 2*t - 6. Let l(v) = 3*v**2 + 7*v + 17. Let q be (113 - (-3 - -2)) + 2. Let i be (-6)/10 - q/(-10). Let n(g) = i*y(g) + 4*l(g). What is n(-5)?
-3
Let y(r) = -1. Let p(b) be the third derivative of -b**4/8 + 5*b**3/6 - 4*b**2. Let d(c) = p(c) + 6*y(c). Determine d(-1).
2
Let p(s) = -s + 13. Let t = -115 + 124. Calculate p(t).
4
Let k(q) = 2*q**2 - 1. Let z be -9 + (1 - (2 + -2)). Let t = z + 6. What is k(t)?
7
Let t(y) = -y**2 - 7*y + 2. Let b be t(-7). Let h(l) = 2 + l - 2. Determine h(b).
2
Let u(r) = -3*r - 1. Let z(q) = -q**2 - 3*q + 6. Let h be z(-5). Calculate u(h).
11
Let p = 7 + -8. Let g(t) = 7*t**2 - 4*t - 12. Let s(y) = -y**2 + 1. Let w(v) = p*g(v) - 6*s(v). Let n be w(5). Let z(k) = -k. Calculate z(n).
-1
Let d(a) be the second derivative of a**3/6 + 5*a**2 - 2*a. What is d(-7)?
3
Suppose 4*l = 2*l. Let m(u) = -3*u**2 + u + 6. Let d(w) = 12 - 4*w**2 - 2*w**2 - w**2 + 2*w. Let z(f) = -2*d(f) + 5*m(f). What is z(l)?
6
Let w(l) = l + 5*l**2 - 7*l**2 - 8*l**2. Let d be 2/(-1*2/(-4)). Suppose 0 = o + 3 - d. Determine w(o).
-9
Suppose 0 = j - 6 + 4. Let a be 2*j - (-6)/(-3). Let d(n) = 2*n**3 - 4*n**2 + 3*n - 2. What is d(a)?
4
Let w(c) = -2*c + 6. Suppose 0 + 14 = 3*t + d, 5*t = 2*d + 27. Calculate w(t).
-4
Let n(d) = d + 0*d - 3 + 5 + 5. Give n(-9).
-2
Let f(c) = c**2 - 6*c - 4. Let v be f(7). Suppose v*k = -g - 1, -3*k + g + 2 = -g. Let s(o) = -o - 7. Determine s(k).
-7
Let v(g) = -6*g - 2*g**2 - 11 + g**2 + 2*g**2. Calculate v(8).
5
Let a(w) = 1. Let d(i) = 2*i - i + 0*i + 0 - 5. Let m(t) = 2*a(t) + d(t). Give m(0).
-3
Let p(a) = a**3 + 3*a**2 - 4*a - 1. Suppose -5*k - 4*r = -3 - 21, 5*r = -3*k + 17. Let i = k - 8. What is p(i)?
-1
Let s(w) = w**2 - 4*w - 3. Let u be -3 - (-14 - -4) - 4. Let d be 2 + 4 + (u - 4). Give s(d).
2
Let b(g) = -5*g - 5. Let s be b(-1). Let c(h) be the first derivative of 4 + 1/3*h**3 + s*h**2 - 11*h. What is c(0)?
-11
Suppose 0*a - 3*a + 3 = d, 4*d + 3*a = 12. Let p(v) = d + 0*v**2 + 0*v**2 + 4*v + v**2 + v. Determine p(-5).
3
Suppose -3*l - 14 = -2. Let k = 8 + l. Let d(p) = 8*p**2 - 16*p - 29. Let m(g) = 2*g**2 - 4*g - 7. Let s(u) = -2*d(u) + 9*m(u). Give s(k).
11
Let g(a) = -3*a + 8. Let z(j) = j - 3. Let t(n) = 4*g(n) + 11*z(n). Let f(b) = -b - b + 2*b**3 - b**3. Let r be f(2). What is t(r)?
-5
Let w(c) = -8*c**2 - 4*c - 2*c**2 + 20*c**2 - 11*c**2 - 5. Give w(-5).
-10
Let q be (-2 + 1)/(3/(-6)). Let l(c) = 3*c + 4*c**2 + 2*c**q - 2 - 4*c + c**3 + 0. Calculate l(-6).
4
Let d(u) be the third derivative of -u**6/120 - u**5/15 - u**4/24 + u**3/2 - 6*u**2. Determine d(-3).
-3
Let o(z) = -z**2 + 9*z + 2. Let i(b) = -b**2 + 10*b + 1. Let h(x) = -5*i(x) + 6*o(x). Let c be (6/5)/((-1)/(-5)). Calculate h(c).
-5
Let d(m) = -m**2 - 6*m - 3. Let o be d(-1). Let h(u) = u**3 - 2*u**2 - 1. What is h(o)?
-1
Let h(t) = -6*t**2 - t - 2. Let r(l) = 12*l**2 + 2*l + 3. Let g(i) = -5*h(i) - 3*r(i). Let n(d) be the first derivative of g(d). Give n(-1).
11
Let u(r) = r**2 - 5*r + 4. Let h(i) = i**3 - 5*i**2 + i + 2. Let c be h(5). Suppose c*o - 25 = 2*o. Suppose -o*n - 11 = 2*v + v, 20 = -5*n. Give u(v).
-2
Let o(u) be the second derivative of -u**5/20 - 7*u**4/12 - u**3/3 - 5*u**2/2 - 32*u. What is o(-7)?
9
Suppose 8 = 2*l, -4*h - 3*l - 11 = 5. Let u(r) = -r**2 - 9*r - 8. Determine u(h).
6
Let t(s) = s**3 + 6*s**2 - 7*s + 3. Let z(x) = x**3 + 5*x**2 - 6*x + 3. Let a(b) = 6*t(b) - 7*z(b). What is a(0)?
-3
Let b = 11 - 7. Suppose b = 2*s - s. Let i(j) be the first derivative of -j**2/2 + j + 3. Give i(s).
-3
Let s(i) be the third derivative of 0 + 1/24*i**4 + 0*i**3 - 1/30*i**5 - 4*i**2 + 1/30*i**6 + 0*i. Determine s(1).
3
Let f(q) be the third derivative of q**5/60 + q**4/6 + q**3/3 + q**2. Let o = -1 + 5. Suppose o*v - 3 = -11. Calculate f(v).
-2
Let i(x) = 0 - x + 10*x**2 + 6 - 7. Give i(-1).
10
Let u(d) = d + 11. Let t be u(-13). Let p(g) = -4*g**2 - 2*g - 1. Let k(o) = 3*o**2 + 3*o + 2. Let h(x) = t*p(x) - 3*k(x). What is h(-6)?
-10
Suppose 6 = -5*m - 2*u, 5*u = -0*m - 4*m - 15. Let g(a) = -3*a**2 - 4*a**3 - 3*a + 3*a**3 - 1 + m*a**2 - 1. Give g(-2).
0
Suppose -42 = 5*s + 3*b, 3*s - 5*b = 3 - 1. Let u(o) = o**2 + o + 6*o + 7 - o. What is u(s)?
7
Let o be 20/(-70) - 46/(-14). Let b(q) = -q + 7. Calculate b(o).
4
Let g(l) = l**2 + 5*l + 5. Let d be g(-5). Let w(p) = 2*p - 3*p + d + 2*p. Let b = 10 + -15. Wha